{"id":496,"date":"2017-08-08T13:10:22","date_gmt":"2017-08-08T13:10:22","guid":{"rendered":"http:\/\/power.2xm-media.de\/?page_id=496"},"modified":"2021-09-09T12:58:14","modified_gmt":"2021-09-09T12:58:14","slug":"unternehmen","status":"publish","type":"page","link":"https:\/\/www.medizinpluspflege.de\/?page_id=496","title":{"rendered":"Wir sind f\u00fcr Sie da"},"content":{"rendered":"<p>[vc_row][vc_column][vc_column_text]Hier finden Sie Informationen \u00fcber das Team der <strong><span style=\"color: #3366ff;\">Medizin + Pflege<\/span><\/strong> GmbH und Ihren Ansprechpartnern f\u00fcr die verschiedenen Anliegen.<br \/>\nZus\u00e4tzlich finden Sie N\u00e4heres zu unserem Beratungsangebot durch geschulte Pflegeberater.<br \/>\nWenn Sie Haus- oder Facharzt sind, finden Sie hier unsere Angebote mit denen wir Ihre Patienten und auch Ihr Praxispersonal unterst\u00fctzen k\u00f6nnen.<strong><br \/>\n<\/strong><\/p>\n<p>Auch f\u00fcr alle anderen Unternehmen bieten wir ein ma\u00dfgeschneidertes Unterst\u00fctzungs-Paket f\u00fcr Ihre Mitarbeiter. Ob bei eigener Pflegebed\u00fcrftigkeit oder der Pflege von Angeh\u00f6rigen:\u00a0<span style=\"color: #3366ff;\"><strong>Medizin + Pflege\u00a0<\/strong><\/span><span style=\"color: #000000;\">kann Ihnen weiterhelfen!<\/span>[\/vc_column_text][vc_empty_space height=&#8220;42px&#8220;][\/vc_column][\/vc_row][vc_row][vc_column width=&#8220;1\/3&#8243;][vc_btn title=&#8220;Unser Leitbild&#8220; color=&#8220;primary&#8220; align=&#8220;center&#8220; css_animation=&#8220;bounceIn&#8220; button_block=&#8220;true&#8220; link=&#8220;url:https%3A%2F%2Fwww.medizinpluspflege.de%2F%3Fpage_id%3D1790|title:Unser%20Leitbild||&#8220;][\/vc_column][vc_column width=&#8220;1\/3&#8243;][vc_btn title=&#8220;Unser Team&#8220; color=&#8220;primary&#8220; align=&#8220;center&#8220; css_animation=&#8220;bounceIn&#8220; button_block=&#8220;true&#8220; link=&#8220;url:https%3A%2F%2Fwww.medizinpluspflege.de%2F%3Fpage_id%3D31|title:Unser%20Team||&#8220;][\/vc_column][vc_column width=&#8220;1\/3&#8243;][vc_btn title=&#8220;Karriere&#8220; color=&#8220;primary&#8220; align=&#8220;center&#8220; css_animation=&#8220;bounceIn&#8220; button_block=&#8220;true&#8220; link=&#8220;url:https%3A%2F%2Fwww.medizinpluspflege.de%2F%3Fpage_id%3D1793|title:Karriere%20bei%20Medizin%20%2B%20Pflege||&#8220;][\/vc_column][\/vc_row][vc_row][vc_column width=&#8220;1\/3&#8243;][vc_btn title=&#8220;Beratung&#8220; color=&#8220;primary&#8220; align=&#8220;center&#8220; css_animation=&#8220;bounceIn&#8220; button_block=&#8220;true&#8220; link=&#8220;url:https%3A%2F%2Fwww.medizinpluspflege.de%2F%3Fpage_id%3D33|title:Unser%20Leitbild||&#8220;][\/vc_column][vc_column width=&#8220;1\/3&#8243;][vc_btn title=&#8220;Angebot f\u00fcr Arztpraxen&#8220; color=&#8220;primary&#8220; align=&#8220;center&#8220; css_animation=&#8220;bounceIn&#8220; button_block=&#8220;true&#8220; link=&#8220;url:https%3A%2F%2Fwww.medizinpluspflege.de%2F%3Fpage_id%3D35|title:Unser%20Team||&#8220;][\/vc_column][vc_column width=&#8220;1\/3&#8243;][vc_btn title=&#8220;Angebot f\u00fcr Firmen&#8220; color=&#8220;primary&#8220; align=&#8220;center&#8220; css_animation=&#8220;bounceIn&#8220; button_block=&#8220;true&#8220; link=&#8220;url:https%3A%2F%2Fwww.medizinpluspflege.de%2F%3Fpage_id%3D1833|title:Karriere%20bei%20Medizin%20%2B%20Pflege||&#8220;][\/vc_column][\/vc_row]<\/p>\n","protected":false},"excerpt":{"rendered":"<p>[vc_row][vc_column][vc_column_text]Hier finden Sie Informationen \u00fcber das Team der Medizin + Pflege GmbH und Ihren Ansprechpartnern f\u00fcr die verschiedenen Anliegen. Zus\u00e4tzlich finden Sie N\u00e4heres zu unserem Beratungsangebot durch geschulte Pflegeberater. Wenn Sie Haus- oder Facharzt sind, finden Sie hier unsere Angebote mit denen wir Ihre Patienten und auch Ihr Praxispersonal unterst\u00fctzen [&hellip;]<\/p>\n","protected":false},"author":1,"featured_media":0,"parent":0,"menu_order":0,"comment_status":"closed","ping_status":"closed","template":"","meta":{"footnotes":""},"class_list":["post-496","page","type-page","status-publish","hentry"],"_links":{"self":[{"href":"https:\/\/www.medizinpluspflege.de\/index.php?rest_route=\/wp\/v2\/pages\/496","targetHints":{"allow":["GET"]}}],"collection":[{"href":"https:\/\/www.medizinpluspflege.de\/index.php?rest_route=\/wp\/v2\/pages"}],"about":[{"href":"https:\/\/www.medizinpluspflege.de\/index.php?rest_route=\/wp\/v2\/types\/page"}],"author":[{"embeddable":true,"href":"https:\/\/www.medizinpluspflege.de\/index.php?rest_route=\/wp\/v2\/users\/1"}],"replies":[{"embeddable":true,"href":"https:\/\/www.medizinpluspflege.de\/index.php?rest_route=%2Fwp%2Fv2%2Fcomments&post=496"}],"version-history":[{"count":12,"href":"https:\/\/www.medizinpluspflege.de\/index.php?rest_route=\/wp\/v2\/pages\/496\/revisions"}],"predecessor-version":[{"id":2234,"href":"https:\/\/www.medizinpluspflege.de\/index.php?rest_route=\/wp\/v2\/pages\/496\/revisions\/2234"}],"wp:attachment":[{"href":"https:\/\/www.medizinpluspflege.de\/index.php?rest_route=%2Fwp%2Fv2%2Fmedia&parent=496"}],"curies":[{"name":"wp","href":"https:\/\/api.w.org\/{rel}","templated":true}]}}

Wir sind für Sie da

<p>[vc_row][vc_column][vc_column_text]Hier finden Sie Informationen über das Team der <strong><span style="color: #3366ff;">Medizin + Pflege</span></strong> GmbH und Ihren Ansprechpartnern für die verschiedenen Anliegen.<br />
Zusätzlich finden Sie Näheres zu unserem Beratungsangebot durch geschulte Pflegeberater.<br />
Wenn Sie Haus- oder Facharzt sind, finden Sie hier unsere Angebote mit denen wir Ihre Patienten und auch Ihr Praxispersonal unterstützen können.<strong><br />
</strong></p>
<p>Auch für alle anderen Unternehmen bieten wir ein maßgeschneidertes Unterstützungs-Paket für Ihre Mitarbeiter. Ob bei eigener Pflegebedürftigkeit oder der Pflege von Angehörigen: <span style="color: #3366ff;"><strong>Medizin + Pflege </strong></span><span style="color: #000000;">kann Ihnen weiterhelfen!</span>[/vc_column_text][vc_empty_space height=&#8220;42px&#8220;][/vc_column][/vc_row][vc_row][vc_column width=&#8220;1/3&#8243;][vc_btn title=&#8220;Unser Leitbild&#8220; color=&#8220;primary&#8220; align=&#8220;center&#8220; css_animation=&#8220;bounceIn&#8220; button_block=&#8220;true&#8220; link=&#8220;url:https%3A%2F%2Fwww.medizinpluspflege.de%2F%3Fpage_id%3D1790|title:Unser%20Leitbild||&#8220;][/vc_column][vc_column width=&#8220;1/3&#8243;][vc_btn title=&#8220;Unser Team&#8220; color=&#8220;primary&#8220; align=&#8220;center&#8220; css_animation=&#8220;bounceIn&#8220; button_block=&#8220;true&#8220; link=&#8220;url:https%3A%2F%2Fwww.medizinpluspflege.de%2F%3Fpage_id%3D31|title:Unser%20Team||&#8220;][/vc_column][vc_column width=&#8220;1/3&#8243;][vc_btn title=&#8220;Karriere&#8220; color=&#8220;primary&#8220; align=&#8220;center&#8220; css_animation=&#8220;bounceIn&#8220; button_block=&#8220;true&#8220; link=&#8220;url:https%3A%2F%2Fwww.medizinpluspflege.de%2F%3Fpage_id%3D1793|title:Karriere%20bei%20Medizin%20%2B%20Pflege||&#8220;][/vc_column][/vc_row][vc_row][vc_column width=&#8220;1/3&#8243;][vc_btn title=&#8220;Beratung&#8220; color=&#8220;primary&#8220; align=&#8220;center&#8220; css_animation=&#8220;bounceIn&#8220; button_block=&#8220;true&#8220; link=&#8220;url:https%3A%2F%2Fwww.medizinpluspflege.de%2F%3Fpage_id%3D33|title:Unser%20Leitbild||&#8220;][/vc_column][vc_column width=&#8220;1/3&#8243;][vc_btn title=&#8220;Angebot für Arztpraxen&#8220; color=&#8220;primary&#8220; align=&#8220;center&#8220; css_animation=&#8220;bounceIn&#8220; button_block=&#8220;true&#8220; link=&#8220;url:https%3A%2F%2Fwww.medizinpluspflege.de%2F%3Fpage_id%3D35|title:Unser%20Team||&#8220;][/vc_column][vc_column width=&#8220;1/3&#8243;][vc_btn title=&#8220;Angebot für Firmen&#8220; color=&#8220;primary&#8220; align=&#8220;center&#8220; css_animation=&#8220;bounceIn&#8220; button_block=&#8220;true&#8220; link=&#8220;url:https%3A%2F%2Fwww.medizinpluspflege.de%2F%3Fpage_id%3D1833|title:Karriere%20bei%20Medizin%20%2B%20Pflege||&#8220;][/vc_column][/vc_row]</p>

<p>[vc_row][vc_column][vc_column_text]Hier finden Sie Informationen über das Team der Medizin + Pflege GmbH und Ihren Ansprechpartnern für die verschiedenen Anliegen. Zusätzlich finden Sie Näheres zu unserem Beratungsangebot durch geschulte Pflegeberater. Wenn Sie Haus- oder Facharzt sind, finden Sie hier unsere Angebote mit denen wir Ihre Patienten und auch Ihr Praxispersonal unterstützen [&hellip;]</p>
