{"id":260,"date":"2017-06-20T14:14:55","date_gmt":"2017-06-20T14:14:55","guid":{"rendered":"http:\/\/power.2xm-media.de\/?page_id=260"},"modified":"2022-06-16T08:13:53","modified_gmt":"2022-06-16T08:13:53","slug":"datenschutz","status":"publish","type":"page","link":"https:\/\/www.medizinpluspflege.de\/?page_id=260","title":{"rendered":"Datenschutzerkl\u00e4rung"},"content":{"rendered":"<h1><strong>DATENSCHUTZERKL\u00c4RUNG<\/strong><\/h1>\n<h2><strong>GELTUNGSBEREICH<\/strong><\/h2>\n<p>Diese Datenschutzerkl\u00e4rung soll die Nutzer der Websites <a href=\"https:\/\/www.medizinpluspflege.de\">www.medizinpluspflege.de<\/a> und all ihrer Unterseiten gem\u00e4\u00df Bundesdatenschutzgesetz und Telemediengesetz und anderer datenschutzrechtlicher Bestimmungen \u00fcber die Art, den Umfang und den Zweck der Erhebung und Verwendung personenbezogener Daten durch den Websitebetreiber Medizin + Pflege GmbH, Hildesheimer Str. 85, 30880 Laatzen (verantwortliche Stelle im Sinne der Datenschutzbestimmungen), informieren.<\/p>\n<p>Der Websitebetreiber nimmt Ihren Datenschutz sehr ernst und behandelt Ihre personenbezogenen Daten vertraulich und entsprechend der gesetzlichen Vorschriften. Personenbezogene Daten sind Gegenstand des Datenschutzes. Personenbezogene Daten sind gem\u00e4\u00df \u00a7 3 Abs. 1 des Bundesdatenschutzgesetzes Einzelangaben \u00fcber pers\u00f6nliche oder sachliche Verh\u00e4ltnisse einer bestimmten oder bestimmbaren nat\u00fcrlichen Person.<\/p>\n<p>Bedenken Sie, dass die Daten\u00fcbertragung im Internet grunds\u00e4tzlich mit Sicherheitsl\u00fccken bedacht sein kann. Ein vollumf\u00e4nglicher Schutz vor dem Zugriff durch Fremde ist nicht realisierbar.<\/p>\n<h2><strong>ZUGRIFFSDATEN<\/strong><\/h2>\n<p>Der Websitebetreiber bzw. Seitenprovider erhebt Daten \u00fcber Zugriffe auf die Seite und speichert diese als \u201eServer-Logfiles\u201c ab. Folgende Daten werden so protokolliert:<br \/>\n\u2022 Besuchte Website<br \/>\n\u2022 Uhrzeit zum Zeitpunkt des Zugriffes<br \/>\n\u2022 Menge der gesendeten Daten in Byte<br \/>\n\u2022 Quelle\/Verweis, von welchem Sie auf die Seite gelangten<br \/>\n\u2022 Verwendeter Browser<br \/>\n\u2022 Verwendetes Betriebssystem<br \/>\n\u2022 Verwendete IP-Adresse<\/p>\n<p>Die erhobenen Daten dienen lediglich statistischen Auswertungen und zur Verbesserung der Website. Der Websitebetreiber beh\u00e4lt sich allerdings vor, die Server-Logfiles nachtr\u00e4glich zu \u00fcberpr\u00fcfen, sollten konkrete Anhaltspunkte auf eine rechtswidrige Nutzung hinweisen.<br \/>\nZum Einsatz kommt eine L\u00f6sung der Firma Google (Google Analytics).<\/p>\n<h2><strong>COOKIES<\/strong><\/h2>\n<p>Diese Website verwendet Cookies. Dabei handelt es sich um kleine Textdateien, welche auf Ihrem Endger\u00e4t gespeichert werden. Ihr Browser greift auf diese Dateien zu. Durch den Einsatz von Cookies erh\u00f6ht sich die Benutzerfreundlichkeit und Sicherheit dieser Website.<\/p>\n<p>G\u00e4ngige Browser bieten die Einstellungsoption, Cookies nicht zuzulassen. Hinweis: Es ist nicht gew\u00e4hrleistet, dass Sie auf alle Funktionen dieser Website ohne Einschr\u00e4nkungen zugreifen k\u00f6nnen, wenn Sie entsprechende Einstellungen vornehmen.<\/p>\n<p>Zum Einsatz kommen diverse Plugins der Plattformsoftware WordPress.<\/p>\n<h2><strong>Google Maps<\/strong><\/h2>\n<p>Diese Seite nutzt \u00fcber eine API den Kartendienst Google Maps. Anbieter ist die Google Inc., 1600 Amphitheatre Parkway, Mountain View, CA 94043, USA.<\/p>\n<p>Zur Nutzung der Funktionen von Google Maps ist es notwendig, Ihre IP Adresse zu speichern. Diese Informationen werden in der Regel an einen Server von Google in den USA \u00fcbertragen und dort gespeichert. Der Anbieter dieser Seite hat keinen Einfluss auf diese Daten\u00fcbertragung.<\/p>\n<p>Die Nutzung von Google Maps erfolgt im Interesse einer ansprechenden Darstellung unserer Online-Angebote und an einer leichten Auffindbarkeit der von uns auf der Website angegebenen Orte. Dies stellt ein berechtigtes Interesse im Sinne von Art. 6 Abs. 1 lit. f DSGVO dar.<\/p>\n<p>Mehr Informationen zum Umgang mit Nutzerdaten finden Sie in der Datenschutzerkl\u00e4rung von Google: <a href=\"https:\/\/www.google.de\/intl\/de\/policies\/privacy\/\">https:\/\/www.google.de\/intl\/de\/policies\/privacy\/<\/a>.<\/p>\n<h2><strong>Google Remarketing<\/strong><\/h2>\n<p>Diese Website verwendet die Google Remarketing Dienstleistung der Google Inc. (&#8222;Google&#8220;). Durch diese Technologie werden Nutzer, die die Websites dieses Unternehmen bereits besucht und sich f\u00fcr das Angebot interessiert haben, durch zielgerichtete Werbung auf den Seiten des Google Partner Netzwerks erneut angesprochen. Zu diesem Zwecke werden sogenannte Cookies auf dem Rechner des Benutzers abgelegt. Cookies sind kleine Textdateien, aus denen eine Website erkennen kann, dass Sie sie bereits zu einem fr\u00fcheren Zeitpunkt besucht haben.<\/p>\n<p>Die durch den Cookie erzeugten Informationen \u00fcber Ihre Benutzung diese Website (einschlie\u00dflich Ihrer IP-Adresse) wird an einen Server von Google in den USA \u00fcbertragen und dort gespeichert. Die IP Adresse wird anschlie\u00dfend von Google um die letzten drei Stellen gek\u00fcrzt, eine eindeutige Zuordnung der IP Adresse ist somit nicht mehr m\u00f6glich.<\/p>\n<p>Google wird diese Informationen benutzen, um Ihre Nutzung der Website auszuwerten, um Reports \u00fcber die Websiteaktivit\u00e4ten f\u00fcr die Websitebetreiber zusammenzustellen und um weitere mit der Websitenutzung und der Internetnutzung verbundene Dienstleistungen zu erbringen. Auch wird Google diese Informationen gegebenenfalls an Dritte \u00fcbertragen, sofern dies gesetzlich vorgeschrieben oder soweit Dritte diese Daten im Auftrag von Google verarbeiten.<\/p>\n<p>Drittanbieter, einschlie\u00dflich Google, schalten Anzeigen auf Websites im Internet. Drittanbieter, einschlie\u00dflich Google, verwenden gespeicherte Cookies zum Schalten von Anzeigen auf Grundlage vorheriger Besuche eines Nutzers auf dieser Website.<\/p>\n<p>Google wird in keinem Fall Ihre IP-Adresse mit anderen Daten der Google in Verbindung bringen. Der Datenerhebung und -speicherung kann jederzeit mit Wirkung f\u00fcr die Zukunft widersprochen werden. Sie k\u00f6nnen die Verwendung von Cookies durch Google deaktivieren, indem sie die Seite zur Deaktivierung von Google-Werbung (<a href=\"http:\/\/www.google.com\/policies\/technologies\/ads\/\">http:\/\/www.google.com\/policies\/technologies\/ads\/<\/a>) aufrufen. Alternativ k\u00f6nnen Nutzer die Verwendung von Cookies durch Drittanbieter deaktivieren, indem sie die Deaktivierungsseite der Netzwerkwerbeinitiative (<a href=\"http:\/\/www.networkadvertising.org\/choices\/\">http:\/\/www.networkadvertising.org\/choices\/<\/a>) aufrufen.<\/p>\n<p>Wir weisen Sie jedoch darauf hin, dass Sie in diesem Fall gegebenenfalls nicht s\u00e4mtliche Funktionen dieser Website voll umf\u00e4nglich nutzen k\u00f6nnen. Durch die Nutzung dieser Website erkl\u00e4ren Sie sich mit der Bearbeitung der \u00fcber Sie erhobenen Daten durch Google in der zuvor beschriebenen Art und Weise und zu dem zuvor benannten Zweck einverstanden.<\/p>\n<p>Der Datenerhebung und -speicherung kann jederzeit mit Wirkung f\u00fcr die Zukunft widersprochen werden. Wir weisen darauf hin, dass Google eigene Datenschutz-Richtlinien hat, die von unseren unabh\u00e4ngig sind. Weitere Hinweise zu den Bestimmungen von Google finden Sie in den Datenschutzbestimmungen von Google (<a href=\"http:\/\/www.google.com\/intl\/de\/policies\/privacy\/\">http:\/\/www.google.com\/intl\/de\/policies\/privacy\/<\/a>).<\/p>\n<h2><strong>UMGANG MIT PERSONENBEZOGENEN DATEN<\/strong><\/h2>\n<p>Der Websitebetreiber erhebt, nutzt und gibt Ihre personenbezogenen Daten nur dann weiter, wenn dies im gesetzlichen Rahmen erlaubt ist oder Sie in die Datenerhebung einwilligen.<\/p>\n<p>Als personenbezogene Daten gelten s\u00e4mtliche Informationen, welche dazu dienen, Ihre Person zu bestimmen und welche zu Ihnen zur\u00fcckverfolgt werden k\u00f6nnen \u2013 also beispielsweise Ihr Name, Ihre E-Mail-Adresse und Telefonnummer. Soweit Sie f\u00fcr den Webseitenbetreiber an Qualifizierungs- oder F\u00f6rderma\u00dfnahmen teilnehmen (z.B. solche der Agentur f\u00fcr Arbeit), ist der Webseitenbetreiber gem\u00e4\u00df \u00a7 28 Abs. 1 Ziff. 1. des Bundesdatenschutzgesetzes zur \u00dcbermittlung personenbezogener Daten an diese Einrichtungen und Dritte berechtigt, soweit dieses zu dem vorgesehenen Zweck erforderlich und \/ oder gesetzlich bestimmt ist.<\/p>\n<p>Personenbezogene Daten werden bis zum Ablauf der gesetzlichen Aufbewahrungsfristen oder bis zur Erf\u00fcllung der von Ihnen gew\u00fcnschten Leistung gespeichert und anschlie\u00dfend routinem\u00e4\u00dfig gel\u00f6scht. Sie haben selbstverst\u00e4ndlich jederzeit die M\u00f6glichkeit, die L\u00f6schung Ihrer Daten insgesamt oder teilweise zu verlangen. Diesem Wunsch werden wir unverz\u00fcglich nachkommen. Power-ms.de gibt die gesammelten Daten nicht an Dritte weiter, insbesondere werden diese nicht verkauft, vermietet oder eingetauscht. Nur wenn wir zur Durchf\u00fchrung der Leistungen, die Sie in Anspruch nehmen m\u00f6chten, Unterauftragnehmer oder Erf\u00fcllungsgehilfen einsetzen, die diese Daten ben\u00f6tigen, \u00fcbermitteln wir die Daten in dem erforderlichen Umfang. In diesem Fall verpflichten wir unsere Partner, die Daten entsprechend der gesetzlichen Bestimmungen vertraulich zu behandeln und unverz\u00fcglich zu l\u00f6schen, sobald sie nicht mehr ben\u00f6tigt werden. Bitte haben Sie jedoch Verst\u00e4ndnis daf\u00fcr, dass wir die Einhaltung dieser Verpflichtung nicht umfassend \u00fcberwachen k\u00f6nnen, so dass wir f\u00fcr eventuelle Verst\u00f6\u00dfe keine Haftung \u00fcbernehmen.<\/p>\n<h2><strong>UMGANG MIT KONTAKTDATEN<\/strong><\/h2>\n<p>Nehmen Sie mit dem Websitebetreiber durch die angebotenen Kontaktm\u00f6glichkeiten Verbindung auf, werden Ihre Angaben gespeichert, damit auf diese zur Bearbeitung und Beantwortung Ihrer Anfrage zur\u00fcckgegriffen werden kann. Ohne Ihre Einwilligung werden diese Daten nicht an Dritte weitergegeben.<br \/>\nDie Daten werden lediglich intern zur Kontaktaufnahme in unserem Exchange-Server (E-Mail) innerhalb eines Postfachs gespeichert.<\/p>\n<h2><strong>UMGANG MIT KOMMENTAREN UND BEITR\u00c4GEN<\/strong><\/h2>\n<p>Hinterlassen Sie auf dieser Website einen Beitrag oder Kommentar, wird Ihre IP-Adresse gespeichert. Dieses dient der Sicherheit des Websitebetreibers: Verst\u00f6\u00dft Ihr Text gegen das Recht, m\u00f6chte er Ihre Identit\u00e4t nachverfolgen k\u00f6nnen.<\/p>\n<h2><strong>EINBINDUNG VON DIENSTEN UND INHALTEN DRITTER<\/strong><\/h2>\n<p>Es kann vorkommen, dass innerhalb dieses Onlineangebotes Inhalte Dritter eingebunden werden. Dies setzt immer voraus, dass die Anbieter dieser Inhalte (\u201eDritt-Anbieter\u201d) die IP-Adresse der Nutzer wahrnehmen. Denn ohne die IP-Adresse k\u00f6nnten sie die Inhalte nicht an den Browser des jeweiligen Nutzers senden. Die IP-Adresse ist damit f\u00fcr die Darstellung dieser Inhalte erforderlich. Wir bem\u00fchen uns, nur solche Inhalte zu verwenden, deren jeweilige Anbieter die IP-Adresse lediglich zur Auslieferung der Inhalte verwenden. Jedoch haben wir keinen Einfluss darauf, falls die Dritt-Anbieter die IP-Adresse z.B. f\u00fcr statistische Zwecke speichern. Soweit uns dies bekannt ist, kl\u00e4ren wir die Nutzer dar\u00fcber auf.<\/p>\n<p>Zur Erfassung von Abrufzahlen unseres Internetauftritts und zur Auslieferung von Werbefl\u00e4chen nutzen wir auch Systeme von Partnern und Dienstleistern. Diese versuchen teils, eigene Cookies zu setzen. Diese Cookies dienen dazu, Abrufzahlen genauer zu messen und Werbung gezielter ausliefern zu k\u00f6nnen. Dieses technische Hilfsmittel kann die Identifikation eines Nutzers erm\u00f6glich. Jedoch haben wir keinen Zugriff auf die Cookies unserer Dienstleister und Partner und diese k\u00f6nnen keine pers\u00f6nlichen Daten aus unserem System auslesen. Das Auslesen eines individuellen Nutzerverhaltens ist dadurch nicht m\u00f6glich.<\/p>\n<h2><strong>NUTZUNG VON SOCIAL-MEDIA-PLUGINS<\/strong><\/h2>\n<p>Diese Website verwendet Facebook Social Plugins, welches von der Facebook Inc. (1 Hacker Way, Menlo Park, California 94025, USA) betrieben wird. Erkennbar sind die Einbindungen an dem Facebook-Logo bzw. an den Begriffen \u201eLike\u201c, \u201eGef\u00e4llt mir\u201c, \u201eTeilen\u201c in den Farben Facebooks (Blau und Wei\u00df). Informationen zu allen Facebook-Plugins finden Sie im folgenden Link:\u00a0<a href=\"https:\/\/developers.facebook.com\/docs\/plugins\/\">https:\/\/developers.facebook.com\/docs\/plugins\/<\/a><br \/>\nDas Plugin stellt eine direkte Verbindung zwischen Ihrem Browser und den Facebook-Servern her. Der Websitebetreiber hat keinerlei Einfluss auf die Natur und den Umfang der Daten, welche das Plugin an die Server der Facebook Inc. \u00fcbermittelt. Informationen dazu finden Sie hier:\u00a0<a href=\"https:\/\/www.facebook.com\/help\/186325668085084\">https:\/\/www.facebook.com\/help\/186325668085084<\/a><\/p>\n<p>Das Plugin informiert die Facebook Inc. dar\u00fcber, dass Sie Nutzer diese Website besucht hat. Es besteht hierbei die M\u00f6glichkeit, dass Ihre IP-Adresse gespeichert wird. Sind Sie w\u00e4hrend des Besuchs auf dieser Website in Ihrem Facebook-Konto eingeloggt, werden die genannten Informationen mit diesem verkn\u00fcpft.<br \/>\nNutzen Sie die Funktionen des Plugins \u2013 etwa indem Sie einen Beitrag teilen oder \u201eliken\u201c \u2013 werden die entsprechenden Informationen ebenfalls an die Facebook Inc. \u00fcbermittelt. M\u00f6chten Sie verhindern, dass die Facebook. Inc. diese Daten mit Ihrem Facebook-Konto verkn\u00fcpft, loggen Sie sich bitte vor dem Besuch dieser Website bei Facebook aus.<\/p>\n<p>Weiterhin nutzt diese Website die \u201e+1\u201c-Schaltfl\u00e4che von Google Plus. Betrieben wird diese von der Google Inc. (1600 Amphitheatre Parkway Mountain View, CA 94043, USA). Besuchen Sie eine Seite, welche die \u201e+1\u201c-Schaltfl\u00e4che enth\u00e4lt, entsteht eine direkte Verbindung zwischen Ihrem Browser und den Google-Servern. Der Websitebetreiber hat daher keinerlei Einfluss auf die Natur und den Umfang der Daten, welche das Plugin an die Server der Google Inc. \u00fcbermitteln. Klicken Sie auf den \u201e+1\u201c-Button, w\u00e4hrend Sie in Google + angemeldet sind, teilen Sie die Inhalte der Seite auf Ihrem \u00f6ffentlichen Profil.<br \/>\nPersonenbezogene Daten werden laut der Google Inc. erst dann erhoben, wenn Sie auf die Schaltfl\u00e4che klicken. Auch bei eingeloggten Google-Nutzern wird unter anderem die IP-Adresse gespeichert. M\u00f6chten Sie verhindern, dass die Google Inc. diese Daten speichert und mit Ihrem Konto verkn\u00fcpft, loggen Sie sich bitte vor dem Besuch dieser Website aus. Informationen zur \u201e+1\u201c-Schaltfl\u00e4che finden Sie hier:\u00a0<a href=\"https:\/\/developers.google.com\/+\/web\/buttons-policy\">https:\/\/developers.google.com\/+\/web\/buttons-policy<\/a>.<\/p>\n<p>Weiterhin nutzt diese Website XING, betrieben durch die Fa. XING AG, G\u00e4nsemarkt 43, 20354 Hamburg und LinkedIn Buttons, betrieben durch die Fa. LinkedIn Ireland Unlimited Company, Wilton Place, Dublin 2, Irland. Die Funktionalit\u00e4t entspricht derer der anderen sozialen Netzwerke und ist datenschutztechnisch analog zu behandeln.<\/p>\n<h2><strong>INHALTE UND HYPERLINKS<\/strong><\/h2>\n<p>Es wird keinerlei Gew\u00e4hr f\u00fcr die Aktualit\u00e4t, Richtigkeit und Vollst\u00e4ndigkeit der auf dieser Webseite bereitgestellten Informationen \u00fcbernommen. Haftungsanspr\u00fcche gegen den Anbieter, welche sich auf Sch\u00e4den materieller oder ideeller Art beziehen, die durch die Nutzung oder Nichtnutzung der dargebotenen Informationen bzw. durch die Nutzung fehlerhafter und unvollst\u00e4ndiger Informationen verursacht wurden, sind grunds\u00e4tzlich ausgeschlossen, sofern seitens des Autors kein nachweislich vors\u00e4tzliches oder grob fahrl\u00e4ssiges Verschulden vorliegt. Alle Angebote sind freibleibend und unverbindlich. Der Anbieter beh\u00e4lt es sich ausdr\u00fccklich vor, Teile der Seiten oder das gesamte Angebot ohne gesonderte Ank\u00fcndigung zu ver\u00e4ndern, zu erg\u00e4nzen, zu l\u00f6schen oder die Ver\u00f6ffentlichung zeitweise oder endg\u00fcltig einzustellen.<\/p>\n<p>Power-ms.de enth\u00e4lt Links zu anderen Webseiten. Wir als Anbieter haben keinerlei Einfluss auf die Inhalte dieser fremden Webseiten oder darauf, dass deren Betreiber die Datenschutzbestimmungen einhalten. Bei direkten oder indirekten Verweisen auf Webseiten, die au\u00dferhalb unseres Verantwortungsbereiches liegen, w\u00fcrde eine Haftungsverpflichtung ausschlie\u00dflich in dem Fall in Kraft treten, in dem der Autor von den Inhalten Kenntnis hat und es ihm technisch m\u00f6glich und zumutbar w\u00e4re, die Nutzung im Falle rechtswidriger Inhalte zu verhindern. Wir erkl\u00e4ren hiermit ausdr\u00fccklich, dass zum Zeitpunkt der Linksetzung keine illegalen Inhalte auf den verlinkten Seiten erkennbar waren. Auf die aktuelle und zuk\u00fcnftige Gestaltung, die Inhalte oder die Urheberschaft der verlinkten und verkn\u00fcpften Seiten haben wir keinerlei Einfluss. Deshalb distanzieren wir uns hiermit ausdr\u00fccklich von allen Inhalten der verlinkten\/verkn\u00fcpften Seiten, die nach der Linksetzung ver\u00e4ndert wurden. Diese Feststellung gilt f\u00fcr alle innerhalb des eigenen Internetangebotes gesetzten Links und Verweise sowie f\u00fcr Fremdeintr\u00e4ge. F\u00fcr illegale, fehlerhafte oder unvollst\u00e4ndige Inhalte und insbesondere f\u00fcr Sch\u00e4den, die aus der Nutzung oder Nichtnutzung solcherart dargebotener Informationen entstehen, haftet allein der Anbieter der Seite, auf welche verwiesen wurde, nicht derjenige, der \u00fcber Links auf die jeweilige Ver\u00f6ffentlichung lediglich verweist.<\/p>\n<h2><strong>RECHTE DES NUTZERS: AUSKUNFT, BERICHTIGUNG UND L\u00d6SCHUNG<\/strong><\/h2>\n<p>Sie als Nutzer erhalten auf Antrag Ihrerseits kostenlose Auskunft dar\u00fcber, welche personenbezogenen Daten \u00fcber Sie gespeichert wurden. Sofern Ihr Wunsch nicht mit einer gesetzlichen Pflicht zur Aufbewahrung von Daten (z. B. Vorratsdatenspeicherung) kollidiert, haben Sie ein Anrecht auf Berichtigung falscher Daten und auf dieSperrung oder L\u00f6schung Ihrer personenbezogenen Daten.<\/p>\n<h2><strong>RECHTSWIRKSAMKEIT<\/strong><\/h2>\n<p>Diese Erkl\u00e4rung ist Teil des Internetangebotes, von dem aus auf diese Seite verwiesen wurde. Sofern Teile oder einzelne Formulierungen dieses Textes der geltenden Rechtslage nicht, nicht mehr oder nicht vollst\u00e4ndig entsprechen sollten, bleiben die \u00fcbrigen Teile in ihrem Inhalt und ihrer G\u00fcltigkeit davon unber\u00fchrt.<\/p>\n<h3><strong>BEAUFTRAGTER F\u00dcR DATENSCHUTZ:<\/strong><\/h3>\n<p>Herr<br \/>\nMedizin + Pflege GmbH<br \/>\nE-Mail: <a href=\"mailto:info@medizinpluspfege.de\">info@medizinpluspfege.de<\/a><br \/>\nTelefon: +49 511\/82 07 999 70<\/p>\n","protected":false},"excerpt":{"rendered":"<p>DATENSCHUTZERKL\u00c4RUNG GELTUNGSBEREICH Diese Datenschutzerkl\u00e4rung soll die Nutzer der Websites www.medizinpluspflege.de und all ihrer Unterseiten gem\u00e4\u00df Bundesdatenschutzgesetz und Telemediengesetz und anderer datenschutzrechtlicher Bestimmungen \u00fcber die Art, den Umfang und den Zweck der Erhebung und Verwendung personenbezogener Daten durch den Websitebetreiber Medizin + Pflege GmbH, Hildesheimer Str. 85, 30880 Laatzen (verantwortliche Stelle [&hellip;]<\/p>\n","protected":false},"author":1,"featured_media":0,"parent":0,"menu_order":0,"comment_status":"closed","ping_status":"closed","template":"","meta":{"footnotes":""},"class_list":["post-260","page","type-page","status-publish","hentry"],"_links":{"self":[{"href":"https:\/\/www.medizinpluspflege.de\/index.php?rest_route=\/wp\/v2\/pages\/260","targetHints":{"allow":["GET"]}}],"collection":[{"href":"https:\/\/www.medizinpluspflege.de\/index.php?rest_route=\/wp\/v2\/pages"}],"about":[{"href":"https:\/\/www.medizinpluspflege.de\/index.php?rest_route=\/wp\/v2\/types\/page"}],"author":[{"embeddable":true,"href":"https:\/\/www.medizinpluspflege.de\/index.php?rest_route=\/wp\/v2\/users\/1"}],"replies":[{"embeddable":true,"href":"https:\/\/www.medizinpluspflege.de\/index.php?rest_route=%2Fwp%2Fv2%2Fcomments&post=260"}],"version-history":[{"count":4,"href":"https:\/\/www.medizinpluspflege.de\/index.php?rest_route=\/wp\/v2\/pages\/260\/revisions"}],"predecessor-version":[{"id":2262,"href":"https:\/\/www.medizinpluspflege.de\/index.php?rest_route=\/wp\/v2\/pages\/260\/revisions\/2262"}],"wp:attachment":[{"href":"https:\/\/www.medizinpluspflege.de\/index.php?rest_route=%2Fwp%2Fv2%2Fmedia&parent=260"}],"curies":[{"name":"wp","href":"https:\/\/api.w.org\/{rel}","templated":true}]}}